 - 942*o**2 - 147204*o + 80357. Determine j(-744).
5
Let r(q) = -15397*q + 200139. Give r(13).
-22
Let i(d) = -15*d**2 + 119*d + 456. What is i(-4)?
-260
Let t(j) = -3*j**2 - 156*j - 850. Give t(-45).
95
Let g(f) = 3*f**3 - 82*f**2 + 452*f - 607. Determine g(20).
-367
Let m(w) = 53*w**3 - 76*w**2 - 107*w + 1. Determine m(-1).
-21
Let w(d) = 6*d**3 - 1200*d**2 - 123*d + 24607. Give w(200).
7
Let m(d) = 18*d**2 + 21*d - 20. Calculate m(-2).
10
Let p(j) = -7*j**2 + 323*j + 1860. Give p(-5).
70
Let m(x) = x**2 - 34*x - 2802. Calculate m(84).
1398
Let q(l) = -7*l**2 + 5747*l - 526258. Give q(716).
2
Let l(j) = 32682*j - 294121. Determine l(9).
17
Let o(u) = u**3 + 259*u**2 + 722*u - 11895. Determine o(-256).
-119
Let c(r) = 57*r**2 - 1737*r - 14875. What is c(-7)?
77
Let y(f) = -2*f**3 + 2664*f**2 + 10679*f + 9. Give y(-4).
45
Let r(m) = -6*m**2 - 21914*m - 153115. Give r(-7).
-11
Let i(w) = -82*w**2 - 1013*w - 13. What is i(0)?
-13
Let u(z) = 10*z**2 + 153582*z - 1229283. Give u(8).
13
Let j(n) = n**3 + 10*n**2 + 285*n + 3938. Determine j(-14).
-836
Let f(q) = -18522*q + 314891. Give f(17).
17
Let g(j) = -1502*j**3 - 4*j**2 - 97*j - 92. What is g(-1)?
1503
Let q(w) = -633*w - 4334. Determine q(-10).
1996
Let q(k) = 199306*k - 996484. What is q(5)?
46
Let t(i) = -i**3 + 187*i**2 - 2778*i + 285. Determine t(16).
-387
Let d(j) = -23862*j + 7063143. What is d(296)?
-9
Let t(u) = 88598*u - 11517698. Determine t(130).
42
Let u(m) = 1829*m - 239306. Give u(131).
293
Let f(i) = 1595*i - 41445. Determine f(26).
25
Let k(v) = 2*v**3 + 52*v**2 + 241*v + 4725. Give k(-25).
-50
Let z(v) = v**3 + 118*v**2 - 2295*v + 39. Determine z(17).
39
Let j(o) = 172*o**2 - 1252*o + 409. Give j(7).
73
Let r(p) = 9*p**2 + 17*p - 9769. What is r(32)?
-9
Let u(f) = -1206*f**2 + 85620*f + 417. Determine u(71).
-9
Let a(i) = -i**3 - 78*i**2 - 472*i + 108. What is a(-7)?
-67
Let u(s) = s**3 - 64*s**2 + 378*s - 75. Determine u(58).
1665
Let d(r) = 256*r**3 - 8703*r**2 - 28*r - 188. Determine d(34).
16
Let q(n) = -2*n**3 + 7*n - 353. Give q(0).
-353
Let v(o) = -39*o**2 - 86*o - 417. Determine v(-5).
-962
Let y(z) = 43*z**2 - 419*z + 18. Calculate y(10).
128
Let g(q) = -3*q**3 + 703*q**2 - 1642*q + 4178. What is g(232)?
2
Let f(v) = 3831*v - 141777. Calculate f(37).
-30
Let w(l) = -21836*l - 174691. What is w(-8)?
-3
Let b(m) = -1008*m + 62556. Determine b(62).
60
Let m(l) = 49947*l + 249732. Calculate m(-5).
-3
Let u(d) = 1525*d**2 - 381238*d - 2993. Calculate u(250).
7
Let a(m) = -14*m**2 - 1183*m - 710. Calculate a(-84).
-122
Let v(f) = -38421*f + 38426. Give v(1).
5
Let u(z) = z**2 + 148*z - 1225. Calculate u(8).
23
Let p(f) = 638*f**2 + 47212*f - 27. Calculate p(-74).
-27
Let d(z) = -2110*z + 19003. Determine d(9).
13
Let a(l) = -5*l**2 - 2775*l + 8316. What is a(3)?
-54
Let m(n) = -10*n**2 - 19*n + 1759. Give m(13).
-178
Let h(k) = -k**2 + 2022*k + 51366. Determine h(-25).
191
Let z(b) = 81*b**2 + 98167*b - 6064. Give z(-1212).
-4
Let o(d) = -4*d**3 + 37*d**2 + 233*d - 1829. What is o(5)?
-239
Let x(w) = -17773*w - 2506040. Give x(-141).
-47
Let o(d) = -2*d**3 + 17*d**2 + 735*d - 775. Calculate o(-16).
9
Let n(k) = 233*k + 7212. Calculate n(-29).
455
Let h(c) = -47*c**2 + 394*c - 689. Calculate h(6).
-17
Let s(a) = -26839*a - 966063. Calculate s(-36).
141
Let i(c) = -c**2 + 115809*c + 1274000. Calculate i(-11).
-20
Let x(i) = -i**3 + 4*i**2 - 305*i - 2432. Give x(-7).
242
Let t(i) = i**3 - 15*i**2 - 3878*i - 330. Determine t(-55).
1210
Let g(k) = -15*k**2 + 981*k - 3391. Give g(62).
-229
Let z(c) = -c**3 + 12*c**2 - 87*c + 806. Calculate z(11).
-30
Let y(p) = 275*p - 6996. What is y(26)?
154
Let a(v) = -55*v**3 + 73*v**2 - 40*v - 34. What is a(1)?
-56
Let w(n) = 53*n**2 - 1135*n + 476. Give w(21).
14
Let r(z) = -z**2 - 40167*z - 321225. Determine r(-8).
47
Let s(c) = -45471*c - 545654. Give s(-12).
-2
Let w(n) = -938*n + 2223. Give w(2).
347
Let q(v) = -6*v**2 - 190*v - 1604. What is q(-17)?
-108
Let h(a) = -a**3 - 65*a**2 - 360*a - 219. Calculate h(-59).
135
Let m(j) = -j**2 - 12096*j + 193786. Give m(16).
-6
Let z(d) = 313646*d + 626920. Determine z(-2).
-372
Let z(t) = -1779*t**3 + 8*t**2 + 8*t + 12. Give z(-1).
1791
Let l(a) = a**2 - 8102*a + 2646506. Give l(341).
5
Let h(n) = -8450*n - 110725. Give h(-13).
-875
Let p(n) = 16*n**3 + 3*n**2 + 52*n - 53. Calculate p(1).
18
Let b(i) = 1155*i + 98165. Give b(-85).
-10
Let m(a) = a**3 - 165*a**2 - 140*a - 4505. What is m(166)?
-189
Let l(q) = 7781*q - 6931. What is l(1)?
850
Let k(u) = 7*u**2 - 790*u - 11026. Give k(-13).
427
Let q(c) = -c**3 + 547*c**2 + 1639*c + 6039. What is q(550)?
-11
Let f(l) = -3*l**3 + 46*l**2 - 1056*l + 15712. Calculate f(15).
97
Let z(t) = -19*t**2 + 315*t + 1190. Give z(20).
-110
Let s(j) = -120*j**2 - 22310*j + 1862. Determine s(-186).
2
Let i(k) = k**2 - 88*k + 205. Determine i(47).
-1722
Let b(l) = 2538*l + 121912. Give b(-48).
88
Let d(x) = 3302*x - 558008. Determine d(169).
30
Let v(j) = -9*j**2 - 4435*j - 42499. Calculate v(-483).
5
Let l(f) = f**2 + 61*f - 7068. Determine l(60).
192
Let o(s) = -s**2 - 16*s - 340. Give o(-12).
-292
Let x(c) = -97788*c + 391180. Give x(4).
28
Let q(s) = s**2 + 5802*s + 138551. What is q(-24)?
-121
Let p(n) = 44*n**2 + 363*n + 540. Give p(-5).
-175
Let u(l) = 22*l**2 - 455*l + 1126. Give u(19).
423
Let a(w) = 419*w + 45295. What is a(-107)?
462
Let a(p) = p**2 + 65*p - 218423. What is a(-501)?
13
Let p(m) = 4375906*m + 13127711. Calculate p(-3).
-7
Let m(w) = 50*w**2 + 74*w - 128. Calculate m(3).
544
Let i(l) = -323*l - 65487. Calculate i(-203).
82
Let s(m) = -m**2 + 2729*m + 24668. Give s(-9).
26
Let v(d) = -d**3 - 57*d**2 - 718*d + 105. Give v(-19).
29
Let z(s) = -s**2 - 6104*s - 30568. Calculate z(-5).
-73
Let o(i) = 857998*i - 2574037. Give o(3).
-43
Let q(m) = -m**3 + 7*m**2 - 19*m + 60. Determine q(6).
-18
Let d(b) = 725*b + 213128. Determine d(-294).
-22
Let z(t) = -4*t**2 - 228*t + 69. Determine z(-64).
-1723
Let r(i) = 14*i - 2326. Determine r(33).
-1864
Let q(c) = c**3 - 23*c**2 - 4793*c + 105933. Give q(22).
3
Let u(p) = -p**3 + 107*p**2 + 38141*p + 762. Determine u(256).
-6
Let a(s) = 281*s**2 + 29791*s + 424. Determine a(-106).
-106
Let q(g) = -278*g**2 - 9610*g + 4202. What is q(-35)?
2
Let q(t) = -3*t**2 - 116*t + 123. Calculate q(-29).
964
Let v(s) = -2*s**2 + 21629*s - 108091. Give v(5).
4
Let n(x) = 3*x**2 - 640*x + 4875. Give n(8).
-53
Let z(y) = 2*y**2 + 146*y + 1420. Calculate z(-15).
-320
Let j(n) = -n**2 + 5705*n + 2796189. Determine j(-454).
3
Let c(v) = -268*v + 159749. Calculate c(596).
21
Let p(i) = 3*i**3 + 459*i**2 + 887*i - 2877. Give p(-151).
-8
Let y(g) = -g**3 + 4*g**2 - 404*g + 3842. Calculate y(10).
-798
Let m(l) = -23*l**3 - 2531*l**2 - 102*l + 291. Determine m(-110).
-589
Let b(u) = 3419*u - 6200. Give b(2).
638
Let m(o) = -55*o**2 + 1312*o + 5264. What is m(-4)?
-864
Let u(r) = -r**3 - 14*r**2 - 2877*r - 49784. Calculate u(-17).
-8
Let v(p) = p**2 + 4306*p - 174032. Calculate v(40).
-192
Let a(o) = -2*o**3 + 64*o**2 + 231*o - 103. What is a(-4)?
125
Let b(u) = u**3 + 195*u**2 - 1001*u - 287. What is b(-200)?
-87
Let v(d) = -d**2 - 1012000*d - 3035991. Calculate v(-3).
0
Let r(l) = 4557*l + 5154012. Give r(-1131).
45
Let g(m) = -m**2 - 3480*m - 840180. Determine g(-261).
-21
Let t(i) = 2*i**2 - 99*i - 3226. What is t(74)?
400
Let t(w) = 5*w**3 - 22*w**2 + 15*w + 268. Calculate t(9).
2266
Let w(a) = -15*a**2 + 46*a + 270. Give w(-5).
-335
Let d(r) = r**3 - 1153*r**2 + 18262*r - 79583. Give d(1137).
7
Let m(g) = -1380*g + 9282. What is m(7)?
-378
Let w(c) = 2404*c - 7001. Calculate w(3).
211
Let t(y) = -20*y + 1909. Calculate t(66).
589
Let k(c) = c**3 - 22*c**2 - 2175*c - 473. Calculate k(59).
-1
Let f(r) = -40501*r + 46900157. Give f(1158).
-1
Let d(z) = -1305910*z - 5223640. Calculate d(-4).
0
Let y(a) = -2*a**3 + 738*a**2 - 1424*a - 16206. Determine y(367).
-58
Let s(q) = 89730*q - 2871349. Determine s(32).
11
Let c(u) = u**3 + 196*u**2 - 6791*u - 2970. Give c(-226).
-484
Let z(d) = -5825*d + 15930. Calculate z(4).
-7370
Let m(g) = 180*g**2 + 596*g + 16. Give m(0).
16
Let t(z) = -3*z**3 - 3166*z**2 + 2128*z + 16891. What is t(-1056)?
-5
Let l(n) = -111*n - 4061. Determine l(-46).
1045
Let f(j) = -28*j**3 + 112*j**2 - 14